t -104321534 (base 7) to base 16.
-5fff21
485540 (base 9) to base 15
5bb30
What is -210210212100 (base 3) in base 2?
-1101000110011100010
26286 (base 15) to base 7
1015623
Convert 1101111111010100 (base 2) to base 8.
157724
1000110111111011001100 (base 2) to base 10
2326220
Convert 124284 (base 9) to base 12.
37711
234242542 (base 6) to base 15
5c0bc8
What is -401507 (base 9) in base 12?
-b5421
Convert -23631424 (base 7) to base 11.
-1210281
-1024324 (base 6) to base 5
-3101421
Convert 4126 (base 9) to base 4.
233031
Convert -913552 (base 11) to base 3.
-2202121202100
Convert -2a349 (base 12) to base 6.
-1134133
What is 11a733 (base 12) in base 2?
1000110010010010111
Convert b7924b (base 15) to base 8.
41253134
10022111100000 (base 3) to base 7
20654406
What is -4400804 (base 9) in base 5?
-1101100422
Convert -2132665 (base 8) to base 13.
-16ca71
What is 105021024 (base 6) in base 8?
7235510
Convert -7082a1 (base 11) to base 6.
-40222102
What is 747193 (base 10) in base 14?
15642d
-21a8374 (base 12) to base 5
-3122130004
Convert 2001240022 (base 5) to base 7.
45260404
Convert -37631 (base 14) to base 10.
-135675
Convert 1bc31c (base 15) to base 2.
101001011011010001100
What is -102201033 (base 4) in base 7?
-434103
10210134320 (base 5) to base 8
50432671
Convert 3598a8 (base 12) to base 16.
d3ac0
Convert 1c54a79 (base 14) to base 13.
2c2a1b9
What is -8c4418 (base 14) in base 7?
-55406231
421530 (base 6) to base 8
102476
Convert 441232433 (base 5) to base 16.
1cfa6e
What is 4a81303 (base 11) in base 9?
17525627
What is -104516 (base 11) in base 14?
-44c05
Convert -183b51 (base 14) to base 4.
-3100320323
Convert 312466 (base 8) to base 16.
19536
Convert 1571770 (base 8) to base 16.
6f3f8
What is -41551131 (base 6) in base 4?
-10213321333
Convert 3a86b (base 12) to base 8.
235523
Convert 132431 (base 11) to base 12.
a0562
-6066435 (base 7) to base 9
-1321166
Convert -256710 (base 9) to base 6.
-3201313
What is 21112210200022 (base 3) in base 8?
17232674
Convert -93e5a9 (base 16) to base 11.
-5520201
Convert -87a82 (base 12) to base 10.
-179522
Convert -50cf7 (base 16) to base 13.
-b7876
What is -179619 (base 10) in base 9?
-303346
11122134 (base 5) to base 16
18073
Convert -709d6 (base 15) to base 3.
-200010011110
-1150151225 (base 6) to base 8
-62175541
Convert -110100000011001100110101 (base 2) to base 7.
-223656111
Convert 64863 (base 10) to base 4.
33311133
Convert -2cac537 (base 13) to base 14.
-1cb5b8b
What is -176015 (base 8) in base 3?
-10021111211
1920a3a (base 12) to base 7
62531566
What is -1c705c (base 13) in base 11?
-459085
-a9854 (base 14) to base 11
-260460
-2343442310 (base 5) to base 7
-64230315
Convert 2666101 (base 7) to base 3.
122220202021
What is -66718 (base 9) in base 7?
-243140
-26373 (base 15) to base 5
-12403113
What is 2ce971 (base 15) in base 7?
24330643
Convert 228208a (base 12) to base 2.
11001010100110111101010
Convert -3bce71 (base 15) to base 3.
-12102020220121
20351004 (base 6) to base 9
1088164
Convert 346352 (base 16) to base 2.
1101000110001101010010
What is 11100001011101011011010 (base 2) in base 3?
111220100020200
-2edf6 (base 16) to base 8
-566766
-1116315 (base 7) to base 13
-4b3c0
What is 201106 (base 10) in base 13?
706c9
Convert -261552 (base 9) to base 8.
-465665
Convert 3ac29 (base 13) to base 4.
122302110
Convert -664341 (base 7) to base 8.
-344074
134020033 (base 5) to base 2
10101000001010000000
-2413825 (base 9) to base 2
-100111111011101010001
What is -1100131203 (base 5) in base 14?
-452048
Convert -132333332023 (base 4) to base 3.
-120021212020211
-2113013202 (base 4) to base 5
-124301403
2090 (base 10) to base 9
2772
What is 413140031 (base 6) in base 5?
3312320342
What is 328101 (base 10) in base 13?
b6457
Convert -742805 (base 11) to base 7.
-13053044
435623 (base 8) to base 3
21102201101
Convert 66221 (base 8) to base 15.
837d
What is 2174a (base 15) in base 6?
2135554
What is -23222203213 (base 4) in base 13?
-830b09
What is -33b70 (base 13) in base 7?
-541464
What is 1547f6 (base 16) in base 8?
5243766
3672a (base 12) to base 8
217622
What is -70935 (base 13) in base 3?
-101020101200
100110102110001 (base 3) to base 6
255431301
What is 32412324 (base 6) in base 13?
27a957
Convert 145210 (base 10) to base 6.
3040134
Convert 82022 (base 12) to base 13.
5c126
Convert 376051 (base 8) to base 3.
20121110010
1346083 (base 10) to base 6
44503511
What is 9cc4 (base 16) in base 13?
15361
Convert -3101642 (base 7) to base 15.
-74b4b
286077 (base 9) to base 4
222232312
What is -1014500212 (base 6) in base 12?
-3664668
Convert -1108582 (base 9) to base 5.
-123044201
Convert 28aca (base 14) to base 15.
1ed82
12020020 (base 5) to base 13
3b485
Convert -4514533 (base 6) to base 15.
-477b0
What is 1640857 (base 12) in base 14?
86ad47
1316512 (base 7) to base 10
172783
3076737 (base 9) to base 14
30b801
What is -6638581 (base 10) in base 4?
-121110233311
What is -114332 (base 10) in base 3?
-12210211112
Convert 461234 (base 7) to base 6.
1432032
Convert -11502220 (base 8) to base 10.
-2524304
3103010003 (base 4) to base 13
243662
Convert -1294c42 (base 14) to base 2.
-100010001100100011011010
Convert 1b789c (base 15) to base 11.
837149
Convert -12111321233 (base 4) to base 11.
-a36132
Convert 44c6ca (base 14) to base 3.
11101211211121
Convert 1021211010220022 (base 3) to base 15.
1957dc8
-62891 (base 12) to base 8
-374155
Convert 18c21d (base 15) to base 12.
4a1661
310331045 (base 6) to base 15
709115
What is -258a86 (base 16) in base 11?
-1430501
-2548c (base 15) to base 2
-11101000101110101
-12562c0 (base 14) to base 12
-2b50a40
Convert 166263450 (base 7) to base 10.
11461233
What is -12806 (base 16) in base 10?
-75782
Convert bf4e (base 16) to base 9.
74155
-b40c1 (base 16) to base 7
-6161032
11000011011100111110 (base 2) to base 13
220518
What is -2212b5 (base 12) in base 11?
-33a751
What is -13354 (base 9) in base 10?
-9040
-1100000122200 (base 3) to base 11
-444805
What is -2320411233 (base 5) in base 8?
-24011315
What is 24244402 (base 5) in base 6?
4520010
-20354342 (base 7) to base 5
-414223221
What is 44820 (base 16) in base 12?
116480
What is 1111100001101101000 (base 2) in base 16?
7c368
Convert -3996885 (base 10) to base 8.
-17176325
-10011000010100001 (base 2) to base 12
-39169
What is -615675 (base 12) in base 13?
-414497
What is 4042310 (base 7) in base 6?
14151012
What is 15b413d (base 15) in base 2?
111100000111001101001110
Convert 839726 (base 10) to base 7.
10065116
What is -378370 (base 10) in base 8?
-1343002
-18066d (base 15) to base 2
-100011100101000000100
168098 (base 10) to base 11
105327
Convert -554cc6 (base 13) to base 16.
-1eac88
-103512264 (base 7) to base 2
-10111101010111001010110
What is -2303223 (base 5) in base 3?
-2002022212
Convert -220413 (base 10) to base 13.
-7942b
What is -2d7959 (base 16) in base 8?
-13274531
Convert -c34c8c (base 13) to base 5.
-2131132011
What is -3143101 (base 5) in base 2?
-1100111010100101
Convert 22100210221111 (base 3) to base 10.
4444672
What is -1301023434 (base 5) in base 13?
-8603b9
Convert 610e32 (base 15) to base 3.
22200012211102
-11210110301 (base 4) to base 14
-29dc65
-4143222143 (base 5) to base 3
-121010102020110
Convert 105524051 (base 6) to base 4.
13131112333
What is -8256571 (base 10) in base 6?
-452544511
What is 22100120112011 (base 3) in base 10?
4439992
Convert 3515807 (base 11) to base 16.
5db901
Convert 123241321 (base 5) to base 8.
2231127
What is -213232030 (base 4) in base 9?
-267157
2102101200020 (base 3) to base 7
13640463
What is 7209 (base 14) in base 4?
10302121
Convert -22477724 (base 8) to base 5.
-2222214023
15355101 (base 6) to base 2
10000100110110001101
Convert -10100100011022 (base 3) to base 10.
-1778147
What is 57536 (base 12) in base 11?
7a614
9b5c5 (base 16) to base 8
2332705
-41240400 (base 5) to base 4
-1102101033
What is 19cbc14 (base 14) in base 2?
110001000100100000001010
What is -8608da (base 16) in base 11?
-4a5a687
Convert 92623 (base 10) to base 9.
151044
What is 4231121 (base 7) in base 2?
1111100111101001100
What is 804a (base 16) in base 12?
1700a
What is 12210202212 (base 3) in base 15?
23ce2
What is 192915 (base 12) in base 7?
3512312
What is -272133 (base 16) in base 4?
-21302